{"id":186,"date":"2024-04-29T04:51:18","date_gmt":"2024-04-29T07:51:18","guid":{"rendered":"https:\/\/robsontiburcio.adv.br\/?page_id=186"},"modified":"2025-06-18T11:30:07","modified_gmt":"2025-06-18T14:30:07","slug":"sobre","status":"publish","type":"page","link":"https:\/\/robsontiburcio.adv.br\/index.php\/sobre\/","title":{"rendered":"Sobre"},"content":{"rendered":"\t\t<div data-elementor-type=\"wp-post\" data-elementor-id=\"186\" class=\"elementor elementor-186\" data-elementor-post-type=\"page\">\n\t\t\t\t<div class=\"elementor-element elementor-element-48e34ad e-flex e-con-boxed e-con e-parent\" data-id=\"48e34ad\" data-element_type=\"container\" data-settings=\"{&quot;background_background&quot;:&quot;classic&quot;}\">\n\t\t\t\t\t<div class=\"e-con-inner\">\n\t\t<div class=\"elementor-element elementor-element-3e0b5834 e-con-full e-flex e-con e-child\" data-id=\"3e0b5834\" data-element_type=\"container\">\n\t\t\t\t<div class=\"elementor-element elementor-element-20e4cae9 elementor-headline--style-rotate elementor-widget elementor-widget-animated-headline\" data-id=\"20e4cae9\" data-element_type=\"widget\" data-settings=\"{&quot;headline_style&quot;:&quot;rotate&quot;,&quot;animation_type&quot;:&quot;slide&quot;,&quot;loop&quot;:&quot;yes&quot;,&quot;rotate_iteration_delay&quot;:2500}\" data-widget_type=\"animated-headline.default\">\n\t\t\t\t<div class=\"elementor-widget-container\">\n\t\t\t\t\t\t\t<h3 class=\"elementor-headline elementor-headline-animation-type-slide\">\n\t\t\t\t\t<span class=\"elementor-headline-plain-text elementor-headline-text-wrapper\">Sobre n\u00f3s<\/span>\n\t\t\t\t<span class=\"elementor-headline-dynamic-wrapper elementor-headline-text-wrapper\">\n\t\t\t\t<\/span>\n\t\t\t\t<\/h3>\n\t\t\t\t\t\t<\/div>\n\t\t\t\t<\/div>\n\t\t\t\t<div class=\"elementor-element elementor-element-74688328 elementor-align-left elementor-mobile-align-center elementor-widget elementor-widget-button\" data-id=\"74688328\" data-element_type=\"widget\" data-widget_type=\"button.default\">\n\t\t\t\t<div class=\"elementor-widget-container\">\n\t\t\t\t\t\t\t\t\t<div class=\"elementor-button-wrapper\">\n\t\t\t\t\t<a class=\"elementor-button elementor-button-link elementor-size-lg\" href=\"https:\/\/robsontiburcio.adv.br\/index.php\/contato\/\">\n\t\t\t\t\t\t<span class=\"elementor-button-content-wrapper\">\n\t\t\t\t\t\t\t\t\t<span class=\"elementor-button-text\">ENTRE EM CONTATO CONOSCO<\/span>\n\t\t\t\t\t<\/span>\n\t\t\t\t\t<\/a>\n\t\t\t\t<\/div>\n\t\t\t\t\t\t\t\t<\/div>\n\t\t\t\t<\/div>\n\t\t\t\t<\/div>\n\t\t\t\t\t<\/div>\n\t\t\t\t<\/div>\n\t\t<div class=\"elementor-element elementor-element-7ce5a1a e-flex e-con-boxed e-con e-parent\" data-id=\"7ce5a1a\" data-element_type=\"container\" data-settings=\"{&quot;background_background&quot;:&quot;classic&quot;}\">\n\t\t\t\t\t<div class=\"e-con-inner\">\n\t\t<div class=\"elementor-element elementor-element-ade8cf0 e-con-full e-flex e-con e-child\" data-id=\"ade8cf0\" data-element_type=\"container\">\n\t\t\t\t<div class=\"elementor-element elementor-element-5b931d1 animated-slow elementor-invisible elementor-widget elementor-widget-heading\" data-id=\"5b931d1\" data-element_type=\"widget\" data-settings=\"{&quot;_animation&quot;:&quot;fadeInUp&quot;}\" data-widget_type=\"heading.default\">\n\t\t\t\t<div class=\"elementor-widget-container\">\n\t\t\t\t\t<h2 class=\"elementor-heading-title elementor-size-default\">O escrit\u00f3rio<\/h2>\t\t\t\t<\/div>\n\t\t\t\t<\/div>\n\t\t\t\t<div class=\"elementor-element elementor-element-e3d2c4d elementor-widget elementor-widget-text-editor\" data-id=\"e3d2c4d\" data-element_type=\"widget\" data-widget_type=\"text-editor.default\">\n\t\t\t\t<div class=\"elementor-widget-container\">\n\t\t\t\t\t\t\t\t\t<p>Escrit\u00f3rio de Advocacia, com mais de 10 anos de atua\u00e7\u00e3o no cen\u00e1rio jur\u00eddico, o escrit\u00f3rio Robson Tiburcio Advogados \u00e9 refer\u00eancia em solu\u00e7\u00f5es legais nas \u00e1reas de Direito de Fam\u00edlia, Previdenci\u00e1rio, Trabalhista, de Tr\u00e2nsito e Militar. Nossa equipe \u00e9 formada por advogados experientes e contamos ainda com uma rede de parceiros especializados em diversas \u00e1reas do Direito, oferecendo uma atua\u00e7\u00e3o completa e personalizada para cada caso,Nosso diferencial \u00e9 o atendimento humanizado, com empatia e escuta ativa em cada caso.<\/p>\t\t\t\t\t\t\t\t<\/div>\n\t\t\t\t<\/div>\n\t\t\t\t<\/div>\n\t\t\t\t\t<\/div>\n\t\t\t\t<\/div>\n\t\t<div class=\"elementor-element elementor-element-a2f2c7c e-flex e-con-boxed e-con e-parent\" data-id=\"a2f2c7c\" data-element_type=\"container\" data-settings=\"{&quot;background_background&quot;:&quot;classic&quot;}\">\n\t\t\t\t\t<div class=\"e-con-inner\">\n\t\t<div class=\"elementor-element elementor-element-5550b8c e-flex e-con-boxed e-con e-child\" data-id=\"5550b8c\" data-element_type=\"container\">\n\t\t\t\t\t<div class=\"e-con-inner\">\n\t\t<div class=\"elementor-element elementor-element-af711b9 e-flex e-con-boxed e-con e-child\" data-id=\"af711b9\" data-element_type=\"container\">\n\t\t\t\t\t<div class=\"e-con-inner\">\n\t\t\t\t<div class=\"elementor-element elementor-element-7b19470 elementor-position-top elementor-widget elementor-widget-image-box\" data-id=\"7b19470\" data-element_type=\"widget\" data-widget_type=\"image-box.default\">\n\t\t\t\t<div class=\"elementor-widget-container\">\n\t\t\t\t\t<div class=\"elementor-image-box-wrapper\"><figure class=\"elementor-image-box-img\"><img fetchpriority=\"high\" decoding=\"async\" width=\"2560\" height=\"1709\" src=\"https:\/\/robsontiburcio.adv.br\/wp-content\/uploads\/2025\/04\/GCM_8282-scaled-1.jpg\" class=\"attachment-full size-full wp-image-847\" alt=\"\" style=\"width:100%;height:66.76%;max-width:2560px\" srcset=\"https:\/\/robsontiburcio.adv.br\/wp-content\/uploads\/2025\/04\/GCM_8282-scaled-1.jpg 2560w, https:\/\/robsontiburcio.adv.br\/wp-content\/uploads\/2025\/04\/GCM_8282-scaled-1-300x200.jpg 300w, https:\/\/robsontiburcio.adv.br\/wp-content\/uploads\/2025\/04\/GCM_8282-scaled-1-1024x684.jpg 1024w, https:\/\/robsontiburcio.adv.br\/wp-content\/uploads\/2025\/04\/GCM_8282-scaled-1-768x513.jpg 768w, https:\/\/robsontiburcio.adv.br\/wp-content\/uploads\/2025\/04\/GCM_8282-scaled-1-1536x1025.jpg 1536w, https:\/\/robsontiburcio.adv.br\/wp-content\/uploads\/2025\/04\/GCM_8282-scaled-1-2048x1367.jpg 2048w, https:\/\/robsontiburcio.adv.br\/wp-content\/uploads\/2025\/04\/GCM_8282-scaled-1-1568x1047.jpg 1568w\" sizes=\"(max-width: 2560px) 100vw, 2560px\" \/><\/figure><div class=\"elementor-image-box-content\"><h3 class=\"elementor-image-box-title\">Robson Tiburcio<\/h3><p class=\"elementor-image-box-description\">Dr. Robson Tiburcio, nascido em Salvador, Bahia, encontrou em Palmas\/TO um ambiente acolhedor e prop\u00edcio para aprimorar suas compet\u00eancias.\n\nCom mais de uma d\u00e9cada de experi\u00eancia na advocacia, tamb\u00e9m \u00e9 Palestrante, Orientador para jovens advogados e Professor Mestre em Direito Civil e Processo Civil. Com forma\u00e7\u00e3o em Media\u00e7\u00e3o, especializa\u00e7\u00e3o em Direito Constitucional, seu vasto conhecimento contribui para buscar o direito das pessoas neurodivergentes.<\/p><\/div><\/div>\t\t\t\t<\/div>\n\t\t\t\t<\/div>\n\t\t\t\t\t<\/div>\n\t\t\t\t<\/div>\n\t\t\t\t\t<\/div>\n\t\t\t\t<\/div>\n\t\t\t\t\t<\/div>\n\t\t\t\t<\/div>\n\t\t\t\t<\/div>\n\t\t","protected":false},"excerpt":{"rendered":"<p>Sobre n\u00f3s ENTRE EM CONTATO CONOSCO O escrit\u00f3rio Escrit\u00f3rio de Advocacia, com mais de 10 anos de atua\u00e7\u00e3o no cen\u00e1rio jur\u00eddico, o escrit\u00f3rio Robson Tiburcio Advogados \u00e9 refer\u00eancia em solu\u00e7\u00f5es legais nas \u00e1reas de Direito de Fam\u00edlia, Previdenci\u00e1rio, Trabalhista, de Tr\u00e2nsito e Militar. Nossa equipe \u00e9 formada por advogados experientes e contamos ainda com uma&hellip; <a class=\"more-link\" href=\"https:\/\/robsontiburcio.adv.br\/index.php\/sobre\/\">Continuar lendo <span class=\"screen-reader-text\">Sobre<\/span><\/a><\/p>\n","protected":false},"author":3,"featured_media":0,"parent":0,"menu_order":0,"comment_status":"closed","ping_status":"closed","template":"elementor_header_footer","meta":{"footnotes":""},"class_list":["post-186","page","type-page","status-publish","hentry","entry"],"_links":{"self":[{"href":"https:\/\/robsontiburcio.adv.br\/index.php\/wp-json\/wp\/v2\/pages\/186","targetHints":{"allow":["GET"]}}],"collection":[{"href":"https:\/\/robsontiburcio.adv.br\/index.php\/wp-json\/wp\/v2\/pages"}],"about":[{"href":"https:\/\/robsontiburcio.adv.br\/index.php\/wp-json\/wp\/v2\/types\/page"}],"author":[{"embeddable":true,"href":"https:\/\/robsontiburcio.adv.br\/index.php\/wp-json\/wp\/v2\/users\/3"}],"replies":[{"embeddable":true,"href":"https:\/\/robsontiburcio.adv.br\/index.php\/wp-json\/wp\/v2\/comments?post=186"}],"version-history":[{"count":91,"href":"https:\/\/robsontiburcio.adv.br\/index.php\/wp-json\/wp\/v2\/pages\/186\/revisions"}],"predecessor-version":[{"id":1043,"href":"https:\/\/robsontiburcio.adv.br\/index.php\/wp-json\/wp\/v2\/pages\/186\/revisions\/1043"}],"wp:attachment":[{"href":"https:\/\/robsontiburcio.adv.br\/index.php\/wp-json\/wp\/v2\/media?parent=186"}],"curies":[{"name":"wp","href":"https:\/\/api.w.org\/{rel}","templated":true}]}}